er when j is divided by a?
21
Calculate the remainder when 488 is divided by 35/14 - (-81)/18.
5
Let s = -9 - -11. Calculate the remainder when (1 + 53)/s - (-9 + 10) is divided by 10.
6
Let w = 592 + 338. Calculate the remainder when w is divided by 72.
66
Suppose -136*o = -30*o - 1484. What is the remainder when 276 is divided by o?
10
Let x(q) = 2*q**3 - 6*q**2 + q + 3. Suppose -2*r - 8 = -3*t, 2*r - 8 = -2*r. Calculate the remainder when x(t) is divided by 21.
18
Let q = -40 + 35. Let a = q + 37. Calculate the remainder when a is divided by 11.
10
Suppose -52*z = -g - 53*z + 6, -3*g + 17 = 2*z. Let p be ((-4)/6)/((-1)/51). Suppose -5*h + 56 = -p. Calculate the remainder when h is divided by g.
3
Let q(b) = 94 - 46 + 4*b - 78. Let s = -74 + 109. What is the remainder when s is divided by q(12)?
17
Suppose u - 20 = -2*u - 2*q, u - 12 = 2*q. Let z(n) = n**2 - 4*n + 1. What is the remainder when z(u) is divided by 12?
9
Let r = 122 - 54. What is the remainder when r is divided by 18?
14
Let a(u) = -u**3 - 2*u**2 + 13*u + 7. Suppose 0 = 10*s - 6*s - 536. What is the remainder when s is divided by a(-5)?
15
Let z be (-3)/4*(-7 + 3). Let u = -1 - z. What is the remainder when 19 is divided by ((-2)/u)/(5/70)?
5
Suppose 0 = 4*b - 7*b + 48. Let g = 1016 - 987. Calculate the remainder when g is divided by b.
13
Let p = -107 - -306. Calculate the remainder when p is divided by (2 + 3)/(4/32).
39
Let r be (3 - 4)/1 - 10. Let b(s) = s**2 + 3*s - 9. Let y be b(-4). Let u = y - r. What is the remainder when u is divided by 3?
0
Let p(b) = 4*b**2 + 2*b + 9. Let q(n) = -7*n**2 - 5*n - 17. Let d(x) = -5*p(x) - 3*q(x). What is the remainder when -6 + 100/16 - 30/(-8) is divided by d(-4)?
0
Suppose 10*x + 8 = -22. Suppose -3*a + 4*o = -79, -4*a = -o - 99 + 11. Calculate the remainder when a is divided by x - (-21)/6*4.
10
Let m(g) = -3*g**3 - 6*g**2 - 6*g - 10. What is the remainder when m(-4) is divided by 28?
26
Let q = 162 - 111. Let n = q - 24. What is the remainder when n is divided by 15?
12
Let n be 3/9*(-1 - -13). Suppose -5*k = -3*l + 261, -l - n*k + 92 = -12. Suppose 0*c - 4*c = -l. Calculate the remainder when c is divided by 8.
7
Let k(m) = -m - 1 + 4 - 2. Let v be 3/3*(2 + -7). Calculate the remainder when 21 is divided by k(v).
3
What is the remainder when (-242)/(-10) - (-24)/30 is divided by 4?
1
Let i(m) = 7*m + 5. Let s(h) = 3*h + 1. What is the remainder when i(0) is divided by s(1)?
1
Let y(q) = 34*q + 1. Let v = -1149 + 1168. Calculate the remainder when y(1) is divided by v.
16
Suppose -2*i - 5*p = -39, -i = -5*p + 7 + 11. Suppose -i*g = -4*g + 60. Let u = g - -43. What is the remainder when 68 is divided by u?
22
Suppose 152 = -4*v + 3*g + 669, -5*v + 653 = 3*g. Calculate the remainder when v is divided by 25.
5
Let r = 264 - 97. What is the remainder when r is divided by 28?
27
Suppose 8*s - 1992 = -2*y, 4*y - 3927 = -2*s + 5*s. Calculate the remainder when y is divided by 165.
159
Let n be (-4 - 4) + 3*6/9. Let r(w) = -w**2 - 11*w - 14. Calculate the remainder when 61 is divided by r(n).
13
Let v(u) = -100*u + 13. What is the remainder when v(-7) is divided by 51?
50
Let c be (-2)/(-7) - (-164)/14. Suppose -y - 2*y = -c. Suppose 4*u - 3*i - 38 = -u, 4*u = -y*i + 24. What is the remainder when u is divided by 5?
2
Let t = -15 + 15. Suppose 120 = -t*f + 6*f. Calculate the remainder when 38 is divided by f.
18
Suppose w = -s + 10, 5*w = w - 3*s + 37. What is the remainder when -2*1 + 14 + 6 + 9 is divided by w?
6
Suppose 0 = -13*i + 849 - 251. Suppose 2*x + 3*q = -0*x + 54, 5*q - 106 = -4*x. Calculate the remainder when i is divided by x.
22
Let j = -2088 + 2221. What is the remainder when j is divided by 43?
4
Suppose -197 = -3*u - o + 5*o, 4*u = o + 267. What is the remainder when 255 is divided by u?
54
Let m(f) = f**3 - 4*f**2 - 15*f + 86. What is the remainder when m(5) is divided by (-2 - 17)*(-1 + 0)?
17
Let i = -851 + 1319. What is the remainder when i is divided by 47?
45
Let j = 6 - -8. Calculate the remainder when 117/390 - (-1 + 247/(-10)) is divided by j.
12
Let r(k) = 16*k - 13. Let q be r(6). Let v = q + -49. Let u = -28 - -40. Calculate the remainder when v is divided by u.
10
Calculate the remainder when 64/928 - 3708/(-58) is divided by 8.
0
Let y = 302 - 134. Suppose -4*x + x + y = 0. Let i = x - -46. What is the remainder when i is divided by 15?
12
Let k be 14/6 + (-5)/(60/(-8)). Suppose -k*y - 60 = -9*y. Let l = -53 + 78. What is the remainder when l is divided by y?
5
Suppose -2*j - h - 11 = -39, -j - 4*h = -14. Suppose -2*g + g = 2*c - j, 5*c = -g + 23. Let p = -62 + 92. What is the remainder when p is divided by g?
6
Suppose -3*m + 816 = -3*g, 3*m - 4*g = -7*g + 828. Let x = 135 - m. Let p = -73 - x. What is the remainder when p is divided by 17?
15
Let m = 229 - 202. Calculate the remainder when 266 is divided by m.
23
Let j = -67 - -39. Suppose 0 = 3*o - 0*o - 60. What is the remainder when o is divided by (j - -27)*(1 - 8)?
6
Let f(k) = 6*k**2 + 2*k - 2. Let s be f(1). Suppose s*o = -0*o. Suppose m - 5*m + 56 = o. What is the remainder when 40 is divided by m?
12
Suppose -2*n = -5*n. Suppose n*h + 6*h = 0. Let b(k) = k**2 + 38. Calculate the remainder when b(h) is divided by 14.
10
Suppose -5*a + 109 = -3*m, 2*m = 5*a - 10*a + 94. Let p = -168 - -247. What is the remainder when p is divided by a?
19
Suppose -18*x + 2*x + 384 = 0. Calculate the remainder when 70 is divided by x.
22
Let n = 64 - 35. What is the remainder when 41 is divided by n?
12
Suppose 0 = -3*c - c + 32. Let q = c + 6. Calculate the remainder when (-2)/5 + 264/10 is divided by q.
12
Let r(y) = 13 - y**2 + 21 - 7 - 23*y. What is the remainder when r(-21) is divided by 12?
9
Suppose 5*x = z + 120, 0 = 2*z - 6*x + 2*x + 240. What is the remainder when 6/(-5)*z/16 is divided by 5?
4
Let z = 11 - 3. Suppose y - z = -y. Suppose 0 = -4*p - 145 + 185. Calculate the remainder when p is divided by y.
2
Let y(v) = -30*v + 85. What is the remainder when y(0) is divided by 18?
13
Let l = -42 + 74. Let w = l - 12. Suppose 5*s + 0*s - 63 = 3*o, -5*s - 4*o = -56. Calculate the remainder when w is divided by s.
8
Let g = 141 - 100. Let y be (-11)/4 + 33/44 + 4. Suppose 2*l + l = -p + y, p - 4*l = 30. What is the remainder when g is divided by p?
13
Suppose 5*o - 44 - 66 = 0. Let z be ((-10)/15)/((-1)/(-51)). Let x = z + 99. Calculate the remainder when x is divided by o.
21
Let s(u) = 7*u + 47. Let c(z) = -6*z - 46. Let y(x) = -4*c(x) - 3*s(x). Calculate the remainder when 124 is divided by y(-6).
24
Let n(p) = 2*p**3 - 13*p**2 - 8*p. Let f be n(7). Let o(i) = -i**2 - 9*i - 10. What is the remainder when 14 is divided by o(f)?
2
Suppose -6*x + 120 = 6*x. What is the remainder when 31 is divided by x?
1
Let k = 243 + 60. What is the remainder when k is divided by 34?
31
Let t = 20 + 35. Calculate the remainder when t is divided by (14/4)/((-1)/(-4)*1).
13
Let u = -451 + 757. Suppose 181 = 3*l + 5*w - 54, -3*w + u = 4*l. Let d = l + -36. Calculate the remainder when d is divided by 21.
18
Let r(g) = g**3 + 13*g**2 + 13*g + 15. Let i be r(-12). Let p(w) = -3 - 4*w**2 - 1 + 1 + 5*w + w**i + 1. What is the remainder when p(5) is divided by 17?
14
Let d(s) = 12*s - 79. Calculate the remainder when 154 is divided by d(10).
31
Suppose 1411 + 2981 = 18*s. Calculate the remainder when s is divided by 8.
4
Let z(j) = 6*j - 3. Suppose 5*t = -0*t + 805. Suppose -7*a = -378 - t. Calculate the remainder when a is divided by z(7).
38
Suppose -11 + 3 = -2*d. Let f = -4 - 12. Let q = -3 - f. Calculate the remainder when q is divided by d.
1
Let l = 95 - 83. What is the remainder when 46 is divided by l?
10
Let a = -13 + 14. Calculate the remainder when 57 is divided by a/((-115)/29 - -4).
28
What is the remainder when 45 is divided by (-3*6/15)/((-4)/60)?
9
Let x = 8 + -6. Suppose 0 = 5*m, 0 = -2*l - x*m + 31 + 67. Let n(q) = -7*q**2 - 41*q - 4. What is the remainder when l is divided by n(-5)?
23
Let m = 34 + -12. Suppose 4*q - 58 + m = 0. Suppose -22 = -h + q. Calculate the remainder when h is divided by 8.
7
Calculate the remainder when -4 + 165/20*12 is divided by 41.
13
Suppose 5*m + 18 = 33. Suppose -2*v + 284 = w + m*w, 2*w = 4*v + 152. What is the remainder when 